{"id":5343,"date":"2026-04-28T15:19:10","date_gmt":"2026-04-28T12:19:10","guid":{"rendered":"https:\/\/visitkerkonkoski.fi\/?post_type=tribe_events&#038;p=5343"},"modified":"2026-04-28T15:42:29","modified_gmt":"2026-04-28T12:42:29","slug":"akin-yhteislauluilta","status":"publish","type":"tribe_events","link":"https:\/\/visitkerkonkoski.fi\/en\/ajankohtaista\/akin-yhteislauluilta\/","title":{"rendered":"Akin yhteislauluilta"},"content":{"rendered":"<p>[et_pb_section fb_built=&#8221;1&#8243; admin_label=&#8221;section&#8221; _builder_version=&#8221;4.16&#8243; global_colors_info=&#8221;{}&#8221; theme_builder_area=&#8221;post_content&#8221;][et_pb_row admin_label=&#8221;row&#8221; _builder_version=&#8221;4.16&#8243; background_size=&#8221;initial&#8221; background_position=&#8221;top_left&#8221; background_repeat=&#8221;repeat&#8221; global_colors_info=&#8221;{}&#8221; theme_builder_area=&#8221;post_content&#8221;][et_pb_column type=&#8221;4_4&#8243; _builder_version=&#8221;4.16&#8243; custom_padding=&#8221;|||&#8221; global_colors_info=&#8221;{}&#8221; custom_padding__hover=&#8221;|||&#8221; theme_builder_area=&#8221;post_content&#8221;][et_pb_image src=&#8221;https:\/\/visitkerkonkoski.fi\/wp-content\/uploads\/Akin-yhteislauluilta.jpg&#8221; title_text=&#8221;Akin yhteislauluilta&#8221; _builder_version=&#8221;4.23&#8243; _module_preset=&#8221;default&#8221; hover_enabled=&#8221;0&#8243; locked=&#8221;off&#8221; global_colors_info=&#8221;{}&#8221; theme_builder_area=&#8221;post_content&#8221; sticky_enabled=&#8221;0&#8243;][\/et_pb_image][et_pb_text admin_label=&#8221;Text&#8221; _builder_version=&#8221;4.17.4&#8243; text_font=&#8221;Armata||||||||&#8221; text_font_size=&#8221;21px&#8221; background_size=&#8221;initial&#8221; background_position=&#8221;top_left&#8221; background_repeat=&#8221;repeat&#8221; custom_padding=&#8221;39px|||15px||&#8221; locked=&#8221;off&#8221; global_colors_info=&#8221;{}&#8221; theme_builder_area=&#8221;post_content&#8221;]<\/p>\n<div class=\"m8h3af8h l7ghb35v kjdc1dyq kmwttqpk gh25dzvf\"><\/div>\n<div><\/div>\n<h1 class=\"m8h3af8h l7ghb35v kjdc1dyq kmwttqpk gh25dzvf\"><span style=\"font-size: large;\">Akin yhteislauluilta Wanhalla Myllyll\u00e4 ti 21.7. klo 18<\/span><\/h1>\n<div class=\"l7ghb35v kjdc1dyq kmwttqpk gh25dzvf jikcssrz\">\n<p style=\"font-weight: 400;\">Tervetuloa laulamaan yhteislauluja Aki Virran kanssa Wanhalle Myllylle (os. Kerkontie 1, 77930 Kerkonjoensuu)!<\/p>\n<p>Vapaaehtoinen p\u00e4\u00e4symaksu ukrainalaisten hyv\u00e4ksi.<\/p>\n<p><br class=\"html-br\" \/>J\u00e4rjest\u00e4j\u00e4 Kerkonkosken Ketter\u00e4<\/p>\n<p>&nbsp;<\/p>\n<\/div>\n<div class=\"l7ghb35v kjdc1dyq kmwttqpk gh25dzvf jikcssrz\">\n<p><strong><\/strong><\/p>\n<p><strong><\/strong><\/p>\n<\/div>\n<p>[\/et_pb_text][\/et_pb_column][\/et_pb_row][\/et_pb_section]<\/p>","protected":false},"excerpt":{"rendered":"<p>Akin yhteislauluilta Wanhalla Myllyll\u00e4 ti 21.7. klo 18 Tervetuloa laulamaan yhteislauluja Aki Virran kanssa Wanhalle Myllylle (os. Kerkontie 1, 77930 Kerkonjoensuu)! Vapaaehtoinen p\u00e4\u00e4symaksu ukrainalaisten hyv\u00e4ksi. J\u00e4rjest\u00e4j\u00e4 Kerkonkosken Ketter\u00e4 &nbsp;<\/p>","protected":false},"author":4,"featured_media":0,"template":"","meta":{"_et_pb_use_builder":"on","_et_pb_old_content":"","_et_gb_content_width":"","_monsterinsights_skip_tracking":false,"_monsterinsights_sitenote_active":false,"_monsterinsights_sitenote_note":"","_monsterinsights_sitenote_category":0,"_tribe_events_status":"","_tribe_events_status_reason":"","footnotes":""},"tags":[],"tribe_events_cat":[],"class_list":["post-5343","tribe_events","type-tribe_events","status-publish","hentry"],"yoast_head":"<!-- This site is optimized with the Yoast SEO plugin v26.5 - https:\/\/yoast.com\/wordpress\/plugins\/seo\/ -->\n<title>Akin yhteislauluilta - Visit Kerkonkoski<\/title>\n<meta name=\"description\" content=\"Hein\u00e4kuun illassa kokoonnutaan yhteen laulamaan yhteislauluja Wanhalle Myllylle Aki Virran johdolla. Vapaaehtoinen p\u00e4\u00e4symaksu ukrainalaisille.\" \/>\n<meta name=\"robots\" content=\"index, follow, max-snippet:-1, max-image-preview:large, max-video-preview:-1\" \/>\n<link rel=\"canonical\" href=\"https:\/\/visitkerkonkoski.fi\/en\/ajankohtaista\/akin-yhteislauluilta\/\" \/>\n<meta property=\"og:locale\" content=\"en_US\" \/>\n<meta property=\"og:type\" content=\"article\" \/>\n<meta property=\"og:title\" content=\"Aki Virran yhteislauluilta Wanhalla Myllyll\u00e4 21.7.\" \/>\n<meta property=\"og:description\" content=\"Hein\u00e4kuun illassa kokoonnutaan yhteen laulamaan yhteislauluja Wanhalle Myllylle Aki Virran johdolla. Vapaaehtoinen p\u00e4\u00e4symaksu ukrainalaisille.\" \/>\n<meta property=\"og:url\" content=\"https:\/\/visitkerkonkoski.fi\/en\/ajankohtaista\/akin-yhteislauluilta\/\" \/>\n<meta property=\"og:site_name\" content=\"Visit Kerkonkoski\" \/>\n<meta property=\"article:modified_time\" content=\"2026-04-28T12:42:29+00:00\" \/>\n<meta property=\"og:image\" content=\"https:\/\/visitkerkonkoski.fi\/wp-content\/uploads\/Akin-yhteislauluilta-Esitys.jpg\" \/>\n\t<meta property=\"og:image:width\" content=\"1920\" \/>\n\t<meta property=\"og:image:height\" content=\"1080\" \/>\n\t<meta property=\"og:image:type\" content=\"image\/jpeg\" \/>\n<meta name=\"twitter:card\" content=\"summary_large_image\" \/>\n<meta name=\"twitter:title\" content=\"Aki Virran yhteislauluilta Wanhalla Myllyll\u00e4 21.7.\" \/>\n<meta name=\"twitter:description\" content=\"Hein\u00e4kuun illassa kokoonnutaan yhteen laulamaan yhteislauluja Wanhalle Myllylle Aki Virran johdolla. Vapaaehtoinen p\u00e4\u00e4symaksu ukrainalaisille.\" \/>\n<meta name=\"twitter:image\" content=\"https:\/\/visitkerkonkoski.fi\/wp-content\/uploads\/Akin-yhteislauluilta-Esitys.jpg\" \/>\n<script type=\"application\/ld+json\" class=\"yoast-schema-graph\">{\"@context\":\"https:\/\/schema.org\",\"@graph\":[{\"@type\":\"WebPage\",\"@id\":\"https:\/\/visitkerkonkoski.fi\/ajankohtaista\/akin-yhteislauluilta\/\",\"url\":\"https:\/\/visitkerkonkoski.fi\/ajankohtaista\/akin-yhteislauluilta\/\",\"name\":\"Akin yhteislauluilta - Visit Kerkonkoski\",\"isPartOf\":{\"@id\":\"https:\/\/visitkerkonkoski.fi\/#website\"},\"datePublished\":\"2026-04-28T12:19:10+00:00\",\"dateModified\":\"2026-04-28T12:42:29+00:00\",\"description\":\"Hein\u00e4kuun illassa kokoonnutaan yhteen laulamaan yhteislauluja Wanhalle Myllylle Aki Virran johdolla. Vapaaehtoinen p\u00e4\u00e4symaksu ukrainalaisille.\",\"breadcrumb\":{\"@id\":\"https:\/\/visitkerkonkoski.fi\/ajankohtaista\/akin-yhteislauluilta\/#breadcrumb\"},\"inLanguage\":\"en-US\",\"potentialAction\":[{\"@type\":\"ReadAction\",\"target\":[\"https:\/\/visitkerkonkoski.fi\/ajankohtaista\/akin-yhteislauluilta\/\"]}]},{\"@type\":\"BreadcrumbList\",\"@id\":\"https:\/\/visitkerkonkoski.fi\/ajankohtaista\/akin-yhteislauluilta\/#breadcrumb\",\"itemListElement\":[{\"@type\":\"ListItem\",\"position\":1,\"name\":\"Etusivu\",\"item\":\"https:\/\/visitkerkonkoski.fi\/\"},{\"@type\":\"ListItem\",\"position\":2,\"name\":\"Tapahtumat\",\"item\":\"https:\/\/visitkerkonkoski.fi\/events\/\"},{\"@type\":\"ListItem\",\"position\":3,\"name\":\"Akin yhteislauluilta\"}]},{\"@type\":\"WebSite\",\"@id\":\"https:\/\/visitkerkonkoski.fi\/#website\",\"url\":\"https:\/\/visitkerkonkoski.fi\/\",\"name\":\"Visit Kerkonkoski\",\"description\":\"Kerkonkosken virallinen matkailusivusto\",\"potentialAction\":[{\"@type\":\"SearchAction\",\"target\":{\"@type\":\"EntryPoint\",\"urlTemplate\":\"https:\/\/visitkerkonkoski.fi\/?s={search_term_string}\"},\"query-input\":{\"@type\":\"PropertyValueSpecification\",\"valueRequired\":true,\"valueName\":\"search_term_string\"}}],\"inLanguage\":\"en-US\"}]}<\/script>\n<!-- \/ Yoast SEO plugin. -->","yoast_head_json":{"title":"Akin yhteislauluilta - Visit Kerkonkoski","description":"Hein\u00e4kuun illassa kokoonnutaan yhteen laulamaan yhteislauluja Wanhalle Myllylle Aki Virran johdolla. Vapaaehtoinen p\u00e4\u00e4symaksu ukrainalaisille.","robots":{"index":"index","follow":"follow","max-snippet":"max-snippet:-1","max-image-preview":"max-image-preview:large","max-video-preview":"max-video-preview:-1"},"canonical":"https:\/\/visitkerkonkoski.fi\/en\/ajankohtaista\/akin-yhteislauluilta\/","og_locale":"en_US","og_type":"article","og_title":"Aki Virran yhteislauluilta Wanhalla Myllyll\u00e4 21.7.","og_description":"Hein\u00e4kuun illassa kokoonnutaan yhteen laulamaan yhteislauluja Wanhalle Myllylle Aki Virran johdolla. Vapaaehtoinen p\u00e4\u00e4symaksu ukrainalaisille.","og_url":"https:\/\/visitkerkonkoski.fi\/en\/ajankohtaista\/akin-yhteislauluilta\/","og_site_name":"Visit Kerkonkoski","article_modified_time":"2026-04-28T12:42:29+00:00","og_image":[{"width":1920,"height":1080,"url":"https:\/\/visitkerkonkoski.fi\/wp-content\/uploads\/Akin-yhteislauluilta-Esitys.jpg","type":"image\/jpeg"}],"twitter_card":"summary_large_image","twitter_title":"Aki Virran yhteislauluilta Wanhalla Myllyll\u00e4 21.7.","twitter_description":"Hein\u00e4kuun illassa kokoonnutaan yhteen laulamaan yhteislauluja Wanhalle Myllylle Aki Virran johdolla. Vapaaehtoinen p\u00e4\u00e4symaksu ukrainalaisille.","twitter_image":"https:\/\/visitkerkonkoski.fi\/wp-content\/uploads\/Akin-yhteislauluilta-Esitys.jpg","schema":{"@context":"https:\/\/schema.org","@graph":[{"@type":"WebPage","@id":"https:\/\/visitkerkonkoski.fi\/ajankohtaista\/akin-yhteislauluilta\/","url":"https:\/\/visitkerkonkoski.fi\/ajankohtaista\/akin-yhteislauluilta\/","name":"Akin yhteislauluilta - Visit Kerkonkoski","isPartOf":{"@id":"https:\/\/visitkerkonkoski.fi\/#website"},"datePublished":"2026-04-28T12:19:10+00:00","dateModified":"2026-04-28T12:42:29+00:00","description":"Hein\u00e4kuun illassa kokoonnutaan yhteen laulamaan yhteislauluja Wanhalle Myllylle Aki Virran johdolla. Vapaaehtoinen p\u00e4\u00e4symaksu ukrainalaisille.","breadcrumb":{"@id":"https:\/\/visitkerkonkoski.fi\/ajankohtaista\/akin-yhteislauluilta\/#breadcrumb"},"inLanguage":"en-US","potentialAction":[{"@type":"ReadAction","target":["https:\/\/visitkerkonkoski.fi\/ajankohtaista\/akin-yhteislauluilta\/"]}]},{"@type":"BreadcrumbList","@id":"https:\/\/visitkerkonkoski.fi\/ajankohtaista\/akin-yhteislauluilta\/#breadcrumb","itemListElement":[{"@type":"ListItem","position":1,"name":"Etusivu","item":"https:\/\/visitkerkonkoski.fi\/"},{"@type":"ListItem","position":2,"name":"Tapahtumat","item":"https:\/\/visitkerkonkoski.fi\/events\/"},{"@type":"ListItem","position":3,"name":"Akin yhteislauluilta"}]},{"@type":"WebSite","@id":"https:\/\/visitkerkonkoski.fi\/#website","url":"https:\/\/visitkerkonkoski.fi\/","name":"Visit Kerkonkoski","description":"Kerkonkosken virallinen matkailusivusto","potentialAction":[{"@type":"SearchAction","target":{"@type":"EntryPoint","urlTemplate":"https:\/\/visitkerkonkoski.fi\/?s={search_term_string}"},"query-input":{"@type":"PropertyValueSpecification","valueRequired":true,"valueName":"search_term_string"}}],"inLanguage":"en-US"}]}},"_links":{"self":[{"href":"https:\/\/visitkerkonkoski.fi\/en\/wp-json\/wp\/v2\/tribe_events\/5343","targetHints":{"allow":["GET"]}}],"collection":[{"href":"https:\/\/visitkerkonkoski.fi\/en\/wp-json\/wp\/v2\/tribe_events"}],"about":[{"href":"https:\/\/visitkerkonkoski.fi\/en\/wp-json\/wp\/v2\/types\/tribe_events"}],"author":[{"embeddable":true,"href":"https:\/\/visitkerkonkoski.fi\/en\/wp-json\/wp\/v2\/users\/4"}],"version-history":[{"count":4,"href":"https:\/\/visitkerkonkoski.fi\/en\/wp-json\/wp\/v2\/tribe_events\/5343\/revisions"}],"predecessor-version":[{"id":5351,"href":"https:\/\/visitkerkonkoski.fi\/en\/wp-json\/wp\/v2\/tribe_events\/5343\/revisions\/5351"}],"wp:attachment":[{"href":"https:\/\/visitkerkonkoski.fi\/en\/wp-json\/wp\/v2\/media?parent=5343"}],"wp:term":[{"taxonomy":"post_tag","embeddable":true,"href":"https:\/\/visitkerkonkoski.fi\/en\/wp-json\/wp\/v2\/tags?post=5343"},{"taxonomy":"tribe_events_cat","embeddable":true,"href":"https:\/\/visitkerkonkoski.fi\/en\/wp-json\/wp\/v2\/tribe_events_cat?post=5343"}],"curies":[{"name":"wp","href":"https:\/\/api.w.org\/{rel}","templated":true}]}}

<p>[et_pb_section fb_built=&#8221;1&#8243; admin_label=&#8221;section&#8221; _builder_version=&#8221;4.16&#8243; global_colors_info=&#8221;{}&#8221; theme_builder_area=&#8221;post_content&#8221;][et_pb_row admin_label=&#8221;row&#8221; _builder_version=&#8221;4.16&#8243; background_size=&#8221;initial&#8221; background_position=&#8221;top_left&#8221; background_repeat=&#8221;repeat&#8221; global_colors_info=&#8221;{}&#8221; theme_builder_area=&#8221;post_content&#8221;][et_pb_column type=&#8221;4_4&#8243; _builder_version=&#8221;4.16&#8243; custom_padding=&#8221;|||&#8221; global_colors_info=&#8221;{}&#8221; custom_padding__hover=&#8221;|||&#8221; theme_builder_area=&#8221;post_content&#8221;][et_pb_image src=&#8221;https://visitkerkonkoski.fi/wp-content/uploads/Akin-yhteislauluilta.jpg&#8221; title_text=&#8221;Akin yhteislauluilta&#8221; _builder_version=&#8221;4.23&#8243; _module_preset=&#8221;default&#8221; hover_enabled=&#8221;0&#8243; locked=&#8221;off&#8221; global_colors_info=&#8221;{}&#8221; theme_builder_area=&#8221;post_content&#8221; sticky_enabled=&#8221;0&#8243;][/et_pb_image][et_pb_text admin_label=&#8221;Text&#8221; _builder_version=&#8221;4.17.4&#8243; text_font=&#8221;Armata||||||||&#8221; text_font_size=&#8221;21px&#8221; background_size=&#8221;initial&#8221; background_position=&#8221;top_left&#8221; background_repeat=&#8221;repeat&#8221; custom_padding=&#8221;39px|||15px||&#8221; locked=&#8221;off&#8221; global_colors_info=&#8221;{}&#8221; theme_builder_area=&#8221;post_content&#8221;]</p>
<div class="m8h3af8h l7ghb35v kjdc1dyq kmwttqpk gh25dzvf"></div>
<div></div>
<h1 class="m8h3af8h l7ghb35v kjdc1dyq kmwttqpk gh25dzvf"><span style="font-size: large;">Akin yhteislauluilta Wanhalla Myllyllä ti 21.7. klo 18</span></h1>
<div class="l7ghb35v kjdc1dyq kmwttqpk gh25dzvf jikcssrz">
<p style="font-weight: 400;">Tervetuloa laulamaan yhteislauluja Aki Virran kanssa Wanhalle Myllylle (os. Kerkontie 1, 77930 Kerkonjoensuu)!</p>
<p>Vapaaehtoinen pääsymaksu ukrainalaisten hyväksi.</p>
<p><br class="html-br" />Järjestäjä Kerkonkosken Ketterä</p>
<p>&nbsp;</p>
</div>
<div class="l7ghb35v kjdc1dyq kmwttqpk gh25dzvf jikcssrz">
<p><strong></strong></p>
<p><strong></strong></p>
</div>
<p>[/et_pb_text][/et_pb_column][/et_pb_row][/et_pb_section]</p>

<p>Akin yhteislauluilta Wanhalla Myllyllä ti 21.7. klo 18 Tervetuloa laulamaan yhteislauluja Aki Virran kanssa Wanhalle Myllylle (os. Kerkontie 1, 77930 Kerkonjoensuu)! Vapaaehtoinen pääsymaksu ukrainalaisten hyväksi. Järjestäjä Kerkonkosken Ketterä &nbsp;</p>

<!-- This site is optimized with the Yoast SEO plugin v26.5 - https://yoast.com/wordpress/plugins/seo/ -->
<title>Akin yhteislauluilta - Visit Kerkonkoski</title>
<meta name="description" content="Heinäkuun illassa kokoonnutaan yhteen laulamaan yhteislauluja Wanhalle Myllylle Aki Virran johdolla. Vapaaehtoinen pääsymaksu ukrainalaisille." />
<meta name="robots" content="index, follow, max-snippet:-1, max-image-preview:large, max-video-preview:-1" />
<link rel="canonical" href="https://visitkerkonkoski.fi/en/ajankohtaista/akin-yhteislauluilta/" />
<meta property="og:locale" content="en_US" />
<meta property="og:type" content="article" />
<meta property="og:title" content="Aki Virran yhteislauluilta Wanhalla Myllyllä 21.7." />
<meta property="og:description" content="Heinäkuun illassa kokoonnutaan yhteen laulamaan yhteislauluja Wanhalle Myllylle Aki Virran johdolla. Vapaaehtoinen pääsymaksu ukrainalaisille." />
<meta property="og:url" content="https://visitkerkonkoski.fi/en/ajankohtaista/akin-yhteislauluilta/" />
<meta property="og:site_name" content="Visit Kerkonkoski" />
<meta property="article:modified_time" content="2026-04-28T12:42:29+00:00" />
<meta property="og:image" content="https://visitkerkonkoski.fi/wp-content/uploads/Akin-yhteislauluilta-Esitys.jpg" />
	<meta property="og:image:width" content="1920" />
	<meta property="og:image:height" content="1080" />
	<meta property="og:image:type" content="image/jpeg" />
<meta name="twitter:card" content="summary_large_image" />
<meta name="twitter:title" content="Aki Virran yhteislauluilta Wanhalla Myllyllä 21.7." />
<meta name="twitter:description" content="Heinäkuun illassa kokoonnutaan yhteen laulamaan yhteislauluja Wanhalle Myllylle Aki Virran johdolla. Vapaaehtoinen pääsymaksu ukrainalaisille." />
<meta name="twitter:image" content="https://visitkerkonkoski.fi/wp-content/uploads/Akin-yhteislauluilta-Esitys.jpg" />
<script type="application/ld+json" class="yoast-schema-graph">{"@context":"https://schema.org","@graph":[{"@type":"WebPage","@id":"https://visitkerkonkoski.fi/ajankohtaista/akin-yhteislauluilta/","url":"https://visitkerkonkoski.fi/ajankohtaista/akin-yhteislauluilta/","name":"Akin yhteislauluilta - Visit Kerkonkoski","isPartOf":{"@id":"https://visitkerkonkoski.fi/#website"},"datePublished":"2026-04-28T12:19:10+00:00","dateModified":"2026-04-28T12:42:29+00:00","description":"Heinäkuun illassa kokoonnutaan yhteen laulamaan yhteislauluja Wanhalle Myllylle Aki Virran johdolla. Vapaaehtoinen pääsymaksu ukrainalaisille.","breadcrumb":{"@id":"https://visitkerkonkoski.fi/ajankohtaista/akin-yhteislauluilta/#breadcrumb"},"inLanguage":"en-US","potentialAction":[{"@type":"ReadAction","target":["https://visitkerkonkoski.fi/ajankohtaista/akin-yhteislauluilta/"]}]},{"@type":"BreadcrumbList","@id":"https://visitkerkonkoski.fi/ajankohtaista/akin-yhteislauluilta/#breadcrumb","itemListElement":[{"@type":"ListItem","position":1,"name":"Etusivu","item":"https://visitkerkonkoski.fi/"},{"@type":"ListItem","position":2,"name":"Tapahtumat","item":"https://visitkerkonkoski.fi/events/"},{"@type":"ListItem","position":3,"name":"Akin yhteislauluilta"}]},{"@type":"WebSite","@id":"https://visitkerkonkoski.fi/#website","url":"https://visitkerkonkoski.fi/","name":"Visit Kerkonkoski","description":"Kerkonkosken virallinen matkailusivusto","potentialAction":[{"@type":"SearchAction","target":{"@type":"EntryPoint","urlTemplate":"https://visitkerkonkoski.fi/?s={search_term_string}"},"query-input":{"@type":"PropertyValueSpecification","valueRequired":true,"valueName":"search_term_string"}}],"inLanguage":"en-US"}]}</script>
<!-- / Yoast SEO plugin. -->

Heinäkuun illassa kokoonnutaan yhteen laulamaan yhteislauluja Wanhalle Myllylle Aki Virran johdolla. Vapaaehtoinen pääsymaksu ukrainalaisille.

Aki Virran yhteislauluilta Wanhalla Myllyllä 21.7.
